{"id":43,"date":"2020-09-11T00:00:25","date_gmt":"2020-09-11T03:00:25","guid":{"rendered":"http:\/\/www.ronaldoonishi.com.br\/?page_id=43"},"modified":"2021-04-07T11:34:11","modified_gmt":"2021-04-07T14:34:11","slug":"confira-as-leis-aprovadas","status":"publish","type":"page","link":"https:\/\/www.ronaldoonishi.com.br\/?page_id=43","title":{"rendered":"Confira as Leis Aprovadas"},"content":{"rendered":"<p>[wordpress_file_upload]<\/p>\r\n\r\n<p>1) <strong>LEI MUNICIPAL N\u00ba 2.091\/2011<br \/><\/strong>Obriga a apresenta\u00e7\u00e3o da carteira de vacina\u00e7\u00e3o das crian\u00e7as de 0 (zero) a 12 (doze) anos, devidamente anotada, para todas as atividades (escolares\/esportivas\/extra-curriculares) oferecidas pela municipalidade.<\/p>\r\n\r\n\r\n\r\n<p>2) <strong>LEI MUNICIPAL N\u00ba 2.114\/2012<\/strong><br \/>Institui, no Munic\u00edpio de Tabo\u00e3o da Serra, campanhas institucionais informativas e incentivadoras com o fito de fomentar doa\u00e7\u00f5es ao Fundo Municipal dos Direitos da Crian\u00e7a e do Adolescente (FMDCA) que podem ser deduzidos do Imposto de Renda e d\u00e1 outras provid\u00eancias.<\/p>\r\n\r\n\r\n\r\n<p>3) <strong>LEI MUNICIPAL N\u00ba 2.135\/2012<\/strong><br \/>Pro\u00edbe a produ\u00e7\u00e3o, a comercializa\u00e7\u00e3o, o armazenamento, o transporte, a distribui\u00e7\u00e3o e o uso de cerol ou de qualquer material cortate em linhas ou fios usados para empinar pipas em Tabo\u00e3o da Serra e d\u00e1 outras provid\u00eancias.<\/p>\r\n\r\n\r\n\r\n<p>4) <strong>LEI MUNICIPAL N\u00ba 2.154\/2013<\/strong><br \/>Prioriza a Matr\u00edcula para o aluno Portador de Defici\u00eancia F\u00edsica, mental e sensorial em Escola Municipal de Educa\u00e7\u00e3o B\u00e1sica, ou Conveniada, mais pr\u00f3xima de sua resid\u00eancia no Munic\u00edpio de Tabo\u00e3o da Serra e d\u00e1 outras provid\u00eancias.<\/p>\r\n\r\n\r\n\r\n<p>5) <strong>LEI MUNICIPAL N\u00ba 2.160\/2013<\/strong><br \/>Autoriza a cria\u00e7\u00e3o de cursos de Capacita\u00e7\u00e3o no munic\u00edpio de Tabo\u00e3o da Serra e d\u00e1 outras provid\u00eancias.<\/p>\r\n\r\n\r\n\r\n<p>6) <strong>LEI MUNICIPAL N\u00ba 2.178\/2013<\/strong><br \/>Autoriza a cria\u00e7\u00e3o do &#8220;Selo da Hist\u00f3ria de Tabo\u00e3o da Serra&#8221;, a ser atribu\u00eddo a empresas instaladas no munic\u00edpio que contribuam com o Fundo Municipal dos Direitos da Crian\u00e7a e do Adolescente, n\u00e3o empreguem trabalho infantil e n\u00e3o utilizem mat\u00e9ria-prima ou produtos de empresas que envolvam m\u00e3o-de-obra infantil.<\/p>\r\n\r\n\r\n\r\n<p>7) <strong>LEI MUNICIPAL N\u00ba 2.195\/2014<\/strong><br \/>Institui a Semana da Pessoa com Transtorno do Espectro Autista em Tabo\u00e3o da Serra e d\u00e1 outras provid\u00eancias.<\/p>\r\n\r\n\r\n\r\n<p>8) <strong>LEI MUNICIPAL N\u00ba 2.199\/2014<\/strong><br \/>Institui no calend\u00e1rio oficial do Munic\u00edpio, o dia municipal de defesa das prerrogativas da advocacia taboanense.<\/p>\r\n\r\n\r\n\r\n<p>9) <strong>LEI MUNICIPAL N\u00ba 2.203\/2014<\/strong><br \/>Fica autorizada a celebra\u00e7\u00e3o de conv\u00eanios com Institui\u00e7\u00f5es de Ensino da \u00e1rea de sa\u00fade e servi\u00e7o social e Sociedades Cient\u00edficas afins que tenham o munic\u00edpio de Tabo\u00e3o da Serra como campo de ensino e pesquisa e d\u00e1 outras provid\u00eancias.<\/p>\r\n\r\n\r\n\r\n<p>10) <strong>LEI MUNICIPAL N\u00ba 2.210\/2014<\/strong><br \/>Altera a denomina\u00e7\u00e3o de pra\u00e7a no Jardim Maria Rosa, e d\u00e1 outras provid\u00eancias (Pra\u00e7a Israel Louren\u00e7o \u2013 &#8220;Tio Nen\u00ea&#8221;.<\/p>\r\n\r\n\r\n\r\n<p>11) <strong>LEI MUNICIPAL N\u00ba 2.226\/2015<\/strong><br \/>Autoriza o recolhimento de animais dom\u00e9sticos mortos em propriedades privadas no \u00e2mbito do munic\u00edpio de Tabo\u00e3o da Serra e d\u00e1 outras provid\u00eancias.<\/p>\r\n\r\n\r\n\r\n<p>12) <strong>LEI MUNICIPAL N\u00ba 2.259\/2016<\/strong><br \/>Institui no calend\u00e1rio oficial do munic\u00edpio de Tabo\u00e3o da Serra a campanha &#8220;Setembro Verde&#8221; para marcar o m\u00eas da inclus\u00e3o e d\u00e1 outras provid\u00eancias.<\/p>\r\n\r\n\r\n\r\n<p>13) <strong>LEI MUNICIPAL N\u00ba 2.272\/2017<\/strong><br \/>Autoriza o Executivo Municipal a conceder benef\u00edcio de aux\u00edlio aluguel destinado \u00e0s mulheres v\u00edtimas de viol\u00eancia dom\u00e9stica no munic\u00edpio de Tabo\u00e3o da Serra e d\u00e1 outras provid\u00eancias.<\/p>\r\n\r\n\r\n\r\n<p>14) <strong>LEI MUNICIPAL N\u00ba 2.291\/2018 (co-autoria)<\/strong><br \/>Institui o Programa de Conscientiza\u00e7\u00e3o e Preven\u00e7\u00e3o \u00e0 Aliena\u00e7\u00e3o Parental no munic\u00edpio de Tabo\u00e3o da Serra e d\u00e1 outras provid\u00eancias.<\/p>\r\n\r\n\r\n\r\n<p>15) <strong>LEI MUNICIPAL N\u00ba 2.272\/2017<\/strong><br \/>Autoriza o Executivo Municipal a conceder benef\u00edcio de aux\u00edlio aluguel destinado \u00e0s mulheres v\u00edtimas de viol\u00eancia dom\u00e9stica no munic\u00edpio de Tabo\u00e3o da Serra e d\u00e1 outras provid\u00eancias.<\/p>\r\n<p>16) <strong>LEI MUNICIPAL N\u00ba 2.351\/2020<\/strong><br \/>Esta lei institui no Munic\u00edpio de Tabo\u00e3o da Serra\u00a0<mark data-markjs=\"true\">programas<\/mark>\u00a0<mark data-markjs=\"true\">que<\/mark> promovam a inclus\u00e3o das pessoas com Transtorno do Espectro Autista e outras pessoas com defici\u00eancia, assim definidas em lei, com atividades nas \u00e1reas mencionadas nesta lei.\u00a0<\/p>\r\n<!-- AddThis Advanced Settings generic via filter on the_content --><!-- AddThis Share Buttons generic via filter on the_content -->","protected":false},"excerpt":{"rendered":"<p>[wordpress_file_upload] 1) LEI MUNICIPAL N\u00ba 2.091\/2011Obriga a apresenta\u00e7\u00e3o da carteira de vacina\u00e7\u00e3o das crian\u00e7as de 0 (zero) a 12 (doze) anos, devidamente anotada, para todas as atividades (escolares\/esportivas\/extra-curriculares) oferecidas pela municipalidade. 2) LEI MUNICIPAL N\u00ba 2.114\/2012Institui, no Munic\u00edpio de Tabo\u00e3o da Serra, campanhas institucionais informativas e incentivadoras com o fito de fomentar doa\u00e7\u00f5es ao Fundo&hellip;<!-- AddThis Advanced Settings generic via filter on get_the_excerpt --><!-- AddThis Share Buttons generic via filter on get_the_excerpt --><\/p>\n","protected":false},"author":1,"featured_media":0,"parent":0,"menu_order":0,"comment_status":"closed","ping_status":"closed","template":"","meta":{"_uag_custom_page_level_css":"","footnotes":""},"class_list":["post-43","page","type-page","status-publish","hentry"],"featured_image_urls_v2":{"full":"","thumbnail":"","medium":"","medium_large":"","large":"","1536x1536":"","2048x2048":"","nucleare-normal-post":""},"post_excerpt_stackable_v2":"<p>[wordpress_file_upload] 1) LEI MUNICIPAL N\u00ba 2.091\/2011Obriga a apresenta\u00e7\u00e3o da carteira de vacina\u00e7\u00e3o das crian\u00e7as de 0 (zero) a 12 (doze) anos, devidamente anotada, para todas as atividades (escolares\/esportivas\/extra-curriculares) oferecidas pela municipalidade. 2) LEI MUNICIPAL N\u00ba 2.114\/2012Institui, no Munic\u00edpio de Tabo\u00e3o da Serra, campanhas institucionais informativas e incentivadoras com o fito de fomentar doa\u00e7\u00f5es ao Fundo Municipal dos Direitos da Crian\u00e7a e do Adolescente (FMDCA) que podem ser deduzidos do Imposto de Renda e d\u00e1 outras provid\u00eancias. 3) LEI MUNICIPAL N\u00ba 2.135\/2012Pro\u00edbe a produ\u00e7\u00e3o, a comercializa\u00e7\u00e3o, o armazenamento, o transporte, a distribui\u00e7\u00e3o e o uso de cerol ou de qualquer material&hellip;<\/p>\n<!-- AddThis Advanced Settings generic via filter on the_excerpt --><!-- AddThis Share Buttons generic via filter on the_excerpt -->","category_list_v2":"","author_info_v2":{"name":"Assessoria do Vereador","url":"https:\/\/www.ronaldoonishi.com.br\/?author=1"},"comments_num_v2":"0 coment\u00e1rio","uagb_featured_image_src":{"full":false,"thumbnail":false,"medium":false,"medium_large":false,"large":false,"1536x1536":false,"2048x2048":false,"nucleare-normal-post":false},"uagb_author_info":{"display_name":"Assessoria do Vereador","author_link":"https:\/\/www.ronaldoonishi.com.br\/?author=1"},"uagb_comment_info":0,"uagb_excerpt":"[wordpress_file_upload] 1) LEI MUNICIPAL N\u00ba 2.091\/2011Obriga a apresenta\u00e7\u00e3o da carteira de vacina\u00e7\u00e3o das crian\u00e7as de 0 (zero) a 12 (doze) anos, devidamente anotada, para todas as atividades (escolares\/esportivas\/extra-curriculares) oferecidas pela municipalidade. 2) LEI MUNICIPAL N\u00ba 2.114\/2012Institui, no Munic\u00edpio de Tabo\u00e3o da Serra, campanhas institucionais informativas e incentivadoras com o fito de fomentar doa\u00e7\u00f5es ao Fundo&hellip;","_links":{"self":[{"href":"https:\/\/www.ronaldoonishi.com.br\/index.php?rest_route=\/wp\/v2\/pages\/43","targetHints":{"allow":["GET"]}}],"collection":[{"href":"https:\/\/www.ronaldoonishi.com.br\/index.php?rest_route=\/wp\/v2\/pages"}],"about":[{"href":"https:\/\/www.ronaldoonishi.com.br\/index.php?rest_route=\/wp\/v2\/types\/page"}],"author":[{"embeddable":true,"href":"https:\/\/www.ronaldoonishi.com.br\/index.php?rest_route=\/wp\/v2\/users\/1"}],"replies":[{"embeddable":true,"href":"https:\/\/www.ronaldoonishi.com.br\/index.php?rest_route=%2Fwp%2Fv2%2Fcomments&post=43"}],"version-history":[{"count":4,"href":"https:\/\/www.ronaldoonishi.com.br\/index.php?rest_route=\/wp\/v2\/pages\/43\/revisions"}],"predecessor-version":[{"id":3102,"href":"https:\/\/www.ronaldoonishi.com.br\/index.php?rest_route=\/wp\/v2\/pages\/43\/revisions\/3102"}],"wp:attachment":[{"href":"https:\/\/www.ronaldoonishi.com.br\/index.php?rest_route=%2Fwp%2Fv2%2Fmedia&parent=43"}],"curies":[{"name":"wp","href":"https:\/\/api.w.org\/{rel}","templated":true}]}}